{"id":827,"date":"2021-11-26T21:01:01","date_gmt":"2021-11-26T21:01:01","guid":{"rendered":"https:\/\/serviceagricoleguillet.com\/tracteurs\/fendt-900-vario\/"},"modified":"2026-02-27T20:54:15","modified_gmt":"2026-02-27T20:54:15","slug":"fendt-900-vario","status":"publish","type":"tracteurs","link":"https:\/\/serviceagricoleguillet.com\/en\/tracteurs\/fendt-900-vario\/","title":{"rendered":"FENDT 900 VARIO"},"content":{"rendered":"\n<p class=\"wp-block-paragraph\">Le Fendt 900 Vario Gen 6 \u2013impressionnant \u00e0 tous niveaux \u2013 efficacit\u00e9, adh\u00e9rence, polyvalence, s\u00e9curit\u00e9, confort et intelligence.<\/p>\n\n\n\n<figure class=\"wp-block-table is-style-stripes\"><table><tbody><tr><td>930<\/td><td><strong>296 HP<\/strong><\/td><\/tr><tr><td>933<\/td><td><strong>326 HP<\/strong><\/td><\/tr><tr><td>936<\/td><td><strong>355 HP<\/strong><\/td><\/tr><tr><td>939<\/td><td><strong>385 HP<\/strong><\/td><\/tr><tr><td>942<\/td><td><strong>415 HP<\/strong><\/td><\/tr><\/tbody><\/table><\/figure>\n","protected":false},"featured_media":402,"template":"","categories":[34],"class_list":["post-827","tracteurs","type-tracteurs","status-publish","has-post-thumbnail","hentry","category-tracteurs-en"],"acf":[],"_links":{"self":[{"href":"https:\/\/serviceagricoleguillet.com\/en\/wp-json\/wp\/v2\/tracteurs\/827","targetHints":{"allow":["GET"]}}],"collection":[{"href":"https:\/\/serviceagricoleguillet.com\/en\/wp-json\/wp\/v2\/tracteurs"}],"about":[{"href":"https:\/\/serviceagricoleguillet.com\/en\/wp-json\/wp\/v2\/types\/tracteurs"}],"wp:featuredmedia":[{"embeddable":true,"href":"https:\/\/serviceagricoleguillet.com\/en\/wp-json\/wp\/v2\/media\/402"}],"wp:attachment":[{"href":"https:\/\/serviceagricoleguillet.com\/en\/wp-json\/wp\/v2\/media?parent=827"}],"wp:term":[{"taxonomy":"category","embeddable":true,"href":"https:\/\/serviceagricoleguillet.com\/en\/wp-json\/wp\/v2\/categories?post=827"}],"curies":[{"name":"wp","href":"https:\/\/api.w.org\/{rel}","templated":true}]}}

<p class="wp-block-paragraph">Le Fendt 900 Vario Gen 6 –impressionnant à tous niveaux – efficacité, adhérence, polyvalence, sécurité, confort et intelligence.</p>



<figure class="wp-block-table is-style-stripes"><table><tbody><tr><td>930</td><td><strong>296 HP</strong></td></tr><tr><td>933</td><td><strong>326 HP</strong></td></tr><tr><td>936</td><td><strong>355 HP</strong></td></tr><tr><td>939</td><td><strong>385 HP</strong></td></tr><tr><td>942</td><td><strong>415 HP</strong></td></tr></tbody></table></figure>
